r of 72 and m?
9
Let h(d) = 350*d**3 - 3*d**2 + 4*d. Let z be h(1). Let u(n) = n**3 + 7*n**2 + n - 6. Let c be u(-5). Calculate the greatest common divisor of z and c.
39
Let r be 1273/3*162/54. Calculate the highest common factor of 67 and r.
67
Let v(g) be the first derivative of 3*g**4/2 + g**3/3 - g**2 + 18. Let j be v(1). Calculate the greatest common divisor of 25 and j.
5
Let i(c) = 34*c**2 - 9*c - 1. Let n be i(-2). Calculate the highest common factor of n and 17.
17
Let o(d) = 9*d + 204. Let z be o(-21). What is the highest common factor of z and 6?
3
Let c = 265 + 1111. Calculate the greatest common factor of c and 43.
43
Let g be ((-2)/(-3))/((-2)/(-5424)*4). What is the highest common divisor of g and 791?
113
Let b(z) = 5*z**2 - 3*z - 1. Let n be b(-2). Suppose 5*y + 0 - n = 0. Let q(l) = 4*l - 5. Let d be q(5). Calculate the highest common factor of d and y.
5
Suppose -6*o = -10*o + 36. Let z be (-1)/(-4) - (-71)/4. Suppose t - z = -t. What is the greatest common divisor of t and o?
9
Let u(k) = 26*k**3 - 5*k**2 + 4*k. Let y be u(2). Suppose -4*i + 392 = -4*n, -2*i = -n + 2*n - y. Calculate the highest common factor of 28 and i.
14
Let n = -190 - -222. What is the highest common factor of n and 12?
4
Let k = -4 + 6. Let c(z) = 21*z**2 + 1. Suppose 2*m - 3*m = 2*n - 4, 0 = -3*n + 4*m - 5. Let y be c(n). Calculate the highest common divisor of y and k.
2
Let l be 96/(-16) + -1 + 183. Calculate the greatest common factor of l and 11.
11
Let c be 10/(4/6*3). Suppose w = c*w + 328. Let t = 159 + w. Calculate the highest common factor of t and 11.
11
Let m = 92 - 35. Calculate the highest common divisor of 15 and m.
3
Suppose -113 = -k + 355. Calculate the greatest common factor of k and 26.
26
Let b be (-6 + -3 + 5)/(-2). Let x be 3 + b + (0 - -1). Suppose 32*i + 252 = 38*i. Calculate the greatest common divisor of x and i.
6
Suppose -64*u - 1452 = -86*u. Calculate the greatest common divisor of 24 and u.
6
Suppose 0 = -x + 78. Let u(j) = -3*j**3 + 11*j**2 - 6*j + 4. Let v be u(1). Calculate the highest common divisor of v and x.
6
Suppose -2*a = -5*z - 3*a + 31, -2*a = 8. Let i(m) = -5*m**2 + 3 + z*m + m**3 - 9 - 4. Let g be i(5). Calculate the greatest common factor of 10 and g.
5
Let b = -413 + 403. Suppose 0*d - 2*o = -5*d + 113, o = 2*d - 46. Let q be (-84)/b - d/(-35). What is the greatest common divisor of 36 and q?
9
Suppose -3*w = -a - 502, -7*w - 5*a = -8*w + 158. Calculate the highest common factor of 308 and w.
28
Suppose 7*f = 8*f - 1. Let i be (84/8)/(f/2). Let m = -12 + i. What is the highest common divisor of 18 and m?
9
Let x(o) = 2*o**2 + o - 1. Let p be x(-1). Suppose -28 = -7*j - p*j. Calculate the highest common divisor of 4 and j.
4
Suppose -5*h - 2*y + 950 = -50, h - 200 = -4*y. Calculate the highest common factor of h and 8.
8
Suppose -3*v + 4*h + 68 = -0*v, -3*v - 4*h + 52 = 0. Calculate the greatest common divisor of 130 and v.
10
Suppose 0 = 4*s + 3*v - 41 - 76, 5*v + 93 = 4*s. What is the greatest common divisor of 3 and s?
3
Suppose 2*l = -20 + 4. Let k = -6 - l. What is the greatest common factor of 10 and k?
2
Suppose 0 = -3*c - 0*c + 18. Suppose -g - 59 = -3*r - c, 5*g = r - 13. Suppose 4*f = 2*u - 3 - 1, -f = -3*u + 31. What is the highest common factor of u and r?
6
Suppose 2*a - 49 = 9*a. Let h be a + 2 + 1 + 12. Calculate the highest common divisor of h and 56.
8
Let d be (10/(-20))/(-1 + (-26)/(-24)). Let l be d/(-15) - (-2606)/10. Calculate the highest common factor of l and 29.
29
Let q be (14/(-6))/((-11)/(-12) - 1). What is the highest common factor of 98 and q?
14
Let v be (2*(-33)/(-12))/((-13)/(-182)). Calculate the highest common factor of 66 and v.
11
Suppose -4*g + 15 = 119. Let w = g - -38. Calculate the highest common factor of 4 and w.
4
Let v(r) = -2453*r - 33. Let f be v(-1). What is the greatest common factor of f and 20?
20
Let h(f) = -f**2 - 2*f - 8. Let o be h(0). Let t = 4 - o. Let u be 19/3 + 2/(-6). What is the greatest common divisor of t and u?
6
Suppose 0 = -5*k + k - 8. Let w = k + 7. Suppose -w*t + 2*t + 12 = 0. What is the highest common factor of t and 36?
4
Suppose -5*m = 58*n - 59*n - 7, -4*m - 5*n = -23. Calculate the highest common divisor of m and 118.
2
Let p be 162/126*2*(48 - -1). Calculate the greatest common divisor of p and 3150.
126
Let a(c) = 19*c**3 - 5*c**2 + 9*c. Let f be a(2). Calculate the highest common factor of f and 60.
30
Suppose 2*l + 10 = -0*l, 3*r - 4*l = 26. Let b be 968/(-40) + r/10. Let o be b/(-42) + 80/7. Calculate the highest common factor of o and 12.
12
Let l = -1351 - -1353. Suppose 2*i - 6*i + 264 = 0. Suppose -2*h = h - i. What is the greatest common factor of h and l?
2
Let d be 3/3 - (1 + -9). Suppose 0 = 4*r - 1 + d. Let a be (4*-6)/(3/r). Calculate the greatest common divisor of a and 2.
2
Suppose -v + 5*a + 7 = -12, 5*v + 2*a - 41 = 0. What is the greatest common divisor of v and 72?
9
Let g(u) = u + 24. Let t be g(-6). Suppose 0*b = 6*b - t. Let z be (-382)/(-18) + (-8)/36. What is the highest common factor of z and b?
3
Let m be (0 + 3)*350/21. Let c be (-40)/3*24/(-32)*2. Calculate the greatest common divisor of m and c.
10
Let s = -5 - -5. Suppose 4*v - 7 = -2*g + 3, g + v - 4 = s. Suppose i + 2*w = 2*i - 12, 0 = 5*i - g*w - 53. What is the highest common factor of i and 2?
2
Suppose 3*o = o + 10. Let c = -4 + 6. Suppose -4*p = c*m - 50, -3*m + 102 = 5*p + 22. Calculate the highest common factor of o and m.
5
Let i = 54 - -13. Let n = 287 - i. Suppose -4*t + 72 = 3*s, 0 = -2*t - 3*t + 15. Calculate the highest common divisor of s and n.
20
Let v be (-5)/(-1 + -3 + 3). Suppose v*h = h - 24. Let l be h/15*15/(-6). Calculate the highest common divisor of l and 2.
1
Let c be (1000/45 - 7) + 4/(-18). Suppose 216 = -7*n + c*n. Calculate the greatest common divisor of n and 36.
9
Suppose 2*x = 4*v - x - 36, 3*x - 48 = -3*v. Let f = 0 + -1. Let a be 3*f/(1/(-4)). Calculate the highest common divisor of a and v.
12
Let h(k) = -2*k**2 + 4*k - 3*k + 7*k**2 + 0*k. Let s be h(3). Let i = 6 + 6. Calculate the highest common factor of s and i.
12
Suppose -4*d + 20 = 12*t - 9*t, 3*d - 14 = -2*t. What is the greatest common factor of 32 and t?
4
Let j(t) = 2*t**3 - 10*t**2 - 15*t - 5. Let g be j(8). Let s be (2/10 - g/70)*-2. What is the greatest common divisor of 14 and s?
7
Let r(p) = p**3 + 12*p**2 + 3*p + 6. Let x be r(-10). What is the highest common factor of 64 and x?
16
Let b(r) = r**2 + 2*r - 3. Let c be b(-6). Suppose 0 = -23*i + c*i + 28. What is the highest common factor of 7 and i?
7
Let x be (4 - 8/2)/2. Let d = x - -3. Suppose -d*l = 11 - 53. What is the greatest common factor of l and 112?
14
Let i be (-6 - 2)*(-12)/16. Let h = -9 + 14. Suppose h*w = -n + 5*n + 194, -3*n = w - 54. What is the highest common factor of i and w?
6
Let q = 42 - 26. Suppose -5*r + 239 = y, -3*y + 44 = r + y. Suppose 5*g = f + 195, -2*g - f + r = -37. Calculate the greatest common divisor of q and g.
8
Let z = -2 + 5. Let d be 6 + (-2 + z)/(-1). Suppose 2*c + 4*p - 82 = 0, -3*c = -0*p - 2*p - 139. Calculate the greatest common divisor of c and d.
5
Let d be (1 + 0 - -6) + -4. Suppose d*p + 4*j = 743, 4*j + 5 = 1. Let m be p/18 - (-1)/6. What is the highest common factor of 98 and m?
14
Let j be 8/12*(0 - -3). Suppose -u + 32 - j = 0. Let r be u/(-4*(-3)/12). What is the greatest common factor of 15 and r?
15
Suppose -54 = 3*d - 66. Let j(h) = -3*h - 8. Let t(y) = -9*y - 24. Let r(u) = 8*j(u) - 3*t(u). Let l be r(d). Calculate the highest common divisor of l and 80.
20
Suppose -8*f + 299 = -213. What is the greatest common divisor of f and 112?
16
Suppose 12*w - 390 = 2*w. What is the greatest common factor of w and 52?
13
Suppose 0 = -19*z + 51*z - 14720. What is the greatest common factor of z and 345?
115
Let h = -487 - -142. Let l be 46/h - 182/(-15). What is the greatest common factor of l and 3?
3
Let y = 64 - 34. Suppose 301 + 11 = 26*s. Calculate the greatest common divisor of s and y.
6
Let c be (-9)/(-5) + 15087/235. Let s = -1 - -7. Calculate the highest common divisor of s and c.
6
Let o be -1 + (-1)/2*-2. Suppose o = 4*n - 7 - 5. Let w be (-8 + n)/(1 + -2). What is the greatest common factor of 5 and w?
5
Let l = 393 + -336. Calcul